t i = b - -10. Let w = i - -28. Does 14 divide w?
True
Let c(y) = 9*y**2 + 41*y + 210. Is 23 a factor of c(-5)?
True
Let y(c) = -4*c**3 + 8*c**2 - 37*c - 175. Does 135 divide y(-10)?
True
Let v(c) = -c**3 - 2*c**2 + 2. Let a(h) = 2*h + 1. Let s be a(2). Suppose -5*x - 30 = -2*l, -5*l = s*x - 3*x - 17. Is v(x) a multiple of 18?
False
Suppose 31 - 10 = d. Is 13 a factor of (-2020)/(-12) + (-7)/(d/(-2))?
True
Let i = 132 + -64. Suppose -3*v + i = -781. Suppose 4*q - 292 = 4*j, -4*q - j - 4*j + v = 0. Is q a multiple of 12?
True
Let p(v) = -4*v + 12*v - 11 + 8 + 2. Is 4 a factor of p(2)?
False
Is ((-4 - 113) + 7)*22/(-5) a multiple of 11?
True
Let k = -32 + 26. Is ((-147)/6)/(3/k) a multiple of 8?
False
Suppose -5*x + 4*q - 8 = 0, 3*x - 15 = -5*q - 5. Suppose x = -8*h - 124 + 340. Is 3 a factor of h?
True
Let w(b) = -b**3 - b + 3. Let u be w(0). Suppose i = u*i. Suppose -4*n + 72 = -i*n. Is 9 a factor of n?
True
Let m(g) = 4*g**2 + 22*g + 41. Let d(r) = -r**2 - r. Let b(v) = 3*d(v) + m(v). Is b(-20) a multiple of 6?
False
Let q(s) = -s**2 - 5*s + 7. Let t be q(-5). Is 4 a factor of 84/(t - 4) - 1?
False
Let k be ((-10)/8)/((-1)/4). Suppose -c + 3*c + 2*y = -10, -k = -3*c + y. Suppose -g - 2*m + 0 + 4 = c, -4*g - 2*m = -10. Is 2 a factor of g?
True
Let m(l) = 4*l + 1. Let p be m(-5). Let a = p - -25. Let o(i) = 2*i**2 - 9*i + 14. Does 16 divide o(a)?
True
Let q(v) be the second derivative of -v**4/12 + 4*v**3/3 + 5*v**2 - 2*v. Is 10 a factor of q(8)?
True
Let m(i) = -79*i + 148. Is m(-8) a multiple of 60?
True
Suppose -4*c + h = -1205, 0 = 5*c + 4*h - 389 - 1091. Is 10 a factor of c?
True
Suppose 5*q - 46 = 2*y + 64, -5*q = 3*y - 85. Suppose 7*s = -s - 128. Let t = q - s. Is t a multiple of 12?
True
Let i(p) = 2*p**2 - 5*p + 2. Let h be i(3). Suppose -h*d + 313 + 62 = 0. Is 23 a factor of d?
False
Let b be -5 + 49 - 3/(-3). Suppose 2*s - b - 15 = -2*o, -4*s = 0. Does 30 divide o?
True
Let l(f) = f**3 - 15*f**2 + 7*f + 2. Does 17 divide l(15)?
False
Suppose 2*a - k - 4 + 2 = 0, -16 = -4*k. Suppose 5 + 1 = -2*h - a*l, -3*h = 3*l + 6. Suppose h = 4*z - 4 - 20. Is z a multiple of 3?
True
Let r(b) = b**3 - 8*b**2 + 6*b - 16. Let t be r(9). Suppose t = d - 5*i, -5*d - 7*i = -2*i - 505. Is d a multiple of 19?
False
Suppose 3*y - 2378 = f + 2663, -4*y + 6716 = 4*f. Is 40 a factor of y?
True
Let a(v) = 4*v - 20. Let m be a(6). Suppose -3*u - 762 = -4*o - 5*u, 3*o = -m*u + 584. Is o a multiple of 22?
False
Let p = 1830 - -270. Does 40 divide p?
False
Let z(b) = -14 - 3*b - 8*b**2 + 20*b**2 - 7*b**2 - 5*b. Does 9 divide z(-4)?
False
Let m = 1 - -1. Suppose 3*v - 2*x = m*x + 79, 3*v - 83 = 5*x. Suppose 3*q = 4*u - v, -u - 3*u = -5*q - 19. Is 2 a factor of u?
True
Let j = 2206 + -1426. Is j a multiple of 13?
True
Let h(a) be the second derivative of a**5/20 + 7*a**4/12 + a**3/3 - 3*a**2/2 + 6*a. Is h(-6) a multiple of 7?
True
Let r(f) = 32*f - 131. Is 6 a factor of r(6)?
False
Let f(t) = -t**3 + t**2 - 3*t + 2. Let g = -9 - -11. Let c be f(g). Is 2 a factor of (-4)/(c/(-6)) + 7?
True
Let a be (8 - 2)/((-4)/(4/(-2))). Suppose a*q - 332 = -89. Does 9 divide q?
True
Is 2/(-14) - ((-117299)/(-49))/(-13) a multiple of 12?
False
Let u(t) = 13*t + 11. Let w be u(-7). Let q = w + 112. Is 5 a factor of q?
False
Let q(g) = -g**3 - 17*g**2 - 21*g - 22. Let c be q(-15). Let l = -81 - c. Is l a multiple of 23?
False
Let h(n) = -n**2 - 7*n + 1. Let m = -31 + 19. Let x = -17 - m. Does 6 divide h(x)?
False
Suppose 2*h - p = 6712, -4*h + 4*p = -6806 - 6626. Is 43 a factor of h?
True
Suppose 34*j - 37*j + 4320 = 0. Is 36 a factor of j?
True
Let i(z) = z**3 - 3*z**2 + 3. Let x be i(3). Suppose -g + 1 = -3*j + 73, 4*j - x*g - 96 = 0. Is 8 a factor of j?
True
Is 2 a factor of 6 - (12 + -4) - -4*12?
True
Suppose 5*w - 23 = -3. Suppose f - 2*f = 3*q - 426, 0 = -w*f + 12. Does 12 divide q?
False
Suppose f = -4*f + 55. Suppose 0*t - 28 = -4*y - 4*t, 2*y - t = f. Does 6 divide y?
True
Let o(p) be the first derivative of p**4/4 - 6*p**3 + 12*p**2 + p + 9. Is o(17) a multiple of 40?
True
Suppose -11 = -3*r + 1, -a + 3 = -2*r. Suppose 4*j = a - 35. Does 12 divide (174/4)/(j/(-8))?
False
Suppose 5*y = 2*h + 1112, 667 = y + 2*y - h. Is y a multiple of 3?
True
Let w be 0 - (3 + -1 - 0). Does 55 divide (0 + 289 + (2 - w))*1?
False
Let d(a) = -a**3 - 5*a**2 - 7*a - 1. Let c be d(-5). Let w = 49 - c. Is w a multiple of 15?
True
Let z be 3 + 9 + -3 + -3. Suppose 4*v + 3*a = z*a + 85, 20 = 4*a. Is 5 a factor of v?
True
Suppose -4*o + 0*o = 0. Suppose o = -4*k + 36 - 12. Suppose -3*m + k*m - 108 = 0. Is m a multiple of 18?
True
Suppose -4*m + 4 = -2*m. Suppose 0*z + 64 = 5*z - m*d, 4*z + d = 59. Does 3 divide z?
False
Suppose 1 + 4 = p, p - 55 = -2*i. Is i a multiple of 5?
True
Suppose -3*n + 2*f = -7*n + 506, 0 = 2*f + 10. Is n a multiple of 33?
False
Suppose -3*m = m + 96. Let l be ((-64)/m)/((-1)/3). Is l/(-24) + 76/6 a multiple of 4?
False
Let y(q) = 22*q**3 + 2*q**2 + 3*q - 4. Let d(c) = -6*c + 56. Let r be d(9). Is y(r) a multiple of 50?
False
Let f(w) = -w**3 - 10*w**2 - 5. Let t be 36/24*(-22)/3. Let p be f(t). Is 6 a factor of 4/(-6) - p/(-12)?
False
Does 13 divide (4 + (-356 - -9))/(2/(-28))?
False
Suppose -251*y = -248*y - 912. Does 8 divide y?
True
Suppose -6*m + 16 = -20. Suppose 105 = m*h - 87. Is 3 a factor of h?
False
Let k = 1500 - 809. Does 8 divide k?
False
Let x be 0 - (-79 - (0 - -2)). Let d(j) = -j - 29. Let p be d(11). Let r = p + x. Is r a multiple of 8?
False
Suppose -4 = -w - 0*w. Suppose -w*k - 8 = -2*m, m + 2 - 6 = 3*k. Suppose a - 50 = -m*a. Is 3 a factor of a?
False
Let j(i) = 8*i + 247. Is 7 a factor of j(5)?
True
Let t(r) = 3*r**2 - 148*r + 82. Is 8 a factor of t(49)?
False
Let f be (-90)/(-27) + (-2)/(-3) - 88. Is ((-6)/(-14))/((-4)/f) a multiple of 2?
False
Let i be 39/15 - 1 - (-2)/5. Suppose -4*a - 2*z = -7*a + 19, -38 = -i*a - 5*z. Is 3 a factor of a?
True
Let j = -85 - -14. Let y = -46 - j. Is y a multiple of 7?
False
Suppose -59*p - 4*n = -55*p - 18996, 0 = -2*p - 4*n + 9492. Is p a multiple of 20?
False
Suppose 0 = -g - 5*v + 3421, 7*v + 10348 = 3*g + 5*v. Does 11 divide g?
False
Suppose -3*i - 40 = y - 8, 0 = 2*i - 3*y + 36. Is 10 a factor of -2 + i/(-4) - -19?
True
Let k = -703 - -1079. Does 8 divide k?
True
Let p = -23 - -53. Suppose 6*w = w - p. Let i(f) = f + 14. Does 5 divide i(w)?
False
Let c(b) = 268*b**2 + 10*b + 22. Is c(-2) a multiple of 11?
False
Let u = 801 + -751. Does 25 divide u?
True
Let p = -77 + 112. Let u = -31 + p. Suppose 0 = -d - 4*n + 24, u*n = -0*d - 4*d + 108. Does 7 divide d?
True
Let f(x) = -4*x + 10. Let p be f(3). Let d be 3/(-6)*-1*p. Is 9 a factor of d*(57*-1)/3?
False
Let p(q) = -q + 10. Let v be p(5). Suppose -2*x - v*o = -144, -4*x - o + 64 = -206. Suppose -11 = -2*h + x. Does 14 divide h?
False
Let q = 27 - 45. Let w(n) be the third derivative of -n**4/24 + 13*n**3/3 + n**2 - 27*n. Does 11 divide w(q)?
True
Suppose -22571 = -21*g + 9412. Is g a multiple of 14?
False
Let s = -77 + 110. Suppose -2*c + s = 241. Let v = 169 + c. Is v a multiple of 24?
False
Let z(p) = 2*p**2 - 4*p + 40. Is z(14) a multiple of 21?
False
Let f = 6 - -1. Let y(p) be the second derivative of p**5/20 - 7*p**4/12 + 4*p**3/3 - 2*p**2 + 71*p. Does 13 divide y(f)?
True
Let c = 1208 + -544. Is 8 a factor of c?
True
Is 9 a factor of (-1240)/(-1116) + (-14632)/(-18)?
False
Let s be (-5)/10 + 34/4. Let q be 9/12 + 10/s. Suppose -q*g + 140 = 3*g. Is 14 a factor of g?
True
Let l = 2398 + -1876. Does 18 divide l?
True
Suppose 3*o - 19 = -4*w + 2*w, 28 = 4*w + 4*o. Let r be (1 + 2)*(2 + -1). Suppose -r*d = -w*d - 3. Does 3 divide d?
True
Let w(b) = 54*b**2 + 65*b + 1. Is w(5) a multiple of 75?
False
Suppose -4*t - 7*r = -5*r - 330, -3*t - r + 250 = 0. Is t a multiple of 5?
True
Suppose 796 - 910 = -f. Is f a multiple of 2?
True
Does 26 divide (78 - (5 - 7)) + (-6)/3?
True
Suppose -51 = -3*j + 16*p - 19*p, 5*j - p - 103 = 0. Is j a multiple of 13?
False
Suppose 2*z + 30 = 4*w, -3*w + 17 + 12 = -2*z. Let f(q) = q**3 + 13*q**2 - 2*q + 4. Does 15 divide f(z)?
True
Is ((-18200)/15)/((-60)/18 + 3) a multiple of 10?
True
Suppose -y + 1613 = 3*y + 3*v, -2*y = -5*v - 787. Is y a multiple of 60?
False
Let g(h) = -h**3 + 3*h**2 + 4*h. Let l be g(3). Let t = -6 + l. L